{"id":444,"date":"2019-04-15T10:11:58","date_gmt":"2019-04-15T08:11:58","guid":{"rendered":"https:\/\/christine.melchert.se\/web\/?page_id=444"},"modified":"2024-05-13T14:46:08","modified_gmt":"2024-05-13T12:46:08","slug":"terapi-online","status":"publish","type":"page","link":"https:\/\/christine.melchert.se\/web\/terapi-online\/","title":{"rendered":"TERAPI ONLINE"},"content":{"rendered":"<p><strong>Avst\u00e5nd har aldrig varit hinder f\u00f6r att f\u00e5 en Reiki-behandling, d\u00e5 Reiki g\u00e5r att skicka p\u00e5 distans. Och nu \u00e4r avst\u00e5nd inte l\u00e4ngre ett hinder f\u00f6r att g\u00e5 i hypnoanalys, samtalsterapi, v\u00e4gledande samtal eller ens tidigare-liv-regressioner! <\/strong><\/p>\n<p>F\u00f6r dig som inte har m\u00f6jlighet att komma till min praktik i Norrk\u00f6ping, erbjuder jag m\u00f6jligheten att ist\u00e4llet f\u00e5 terapi online! Detta g\u00e4ller s\u00e5v\u00e4l hypnoanalys, samtalsterapi, v\u00e4gledande samtal som tidigare-liv-regressioner. Jag har klienter \u00f6ver hela Sverige som g\u00e5r i terapi hos mig online.<\/p>\n<p>\u00c4ven om terapi online \u00e4r v\u00e4ldigt effektivt, rekommenderar jag att du, om du har m\u00f6jlighet, bokar din f\u00f6rsta session hos mig i Norrk\u00f6ping.\u00a0 Det underl\u00e4ttar att du har tr\u00e4ffat mig personligen och f\u00e5r en k\u00e4nsla f\u00f6r om jag \u00e4r en person du f\u00e5r tillit till och d\u00e4rmed kan t\u00e4nka dig mig som din terapeut. Efter f\u00f6rsta m\u00f6tet kan du sedan best\u00e4mma om du vill g\u00e5 vidare med din terapi p\u00e5 min mottagning eller hemma hos dig sj\u00e4lv (online). Du kan ocks\u00e5 v\u00e4lja att komma varannan g\u00e5ng till Norrk\u00f6ping och varannan g\u00e5ng online. Det finns, som du m\u00e4rker, flera olika s\u00e4tt att utf\u00f6ra terapin p\u00e5 och vi g\u00f6r det som blir b\u00e4st f\u00f6r dig.<\/p>\n<p>F\u00f6r online-terapi kr\u00e4vs att du har Skype, Messenger eller Duo och bra internetanslutning, samt h\u00f6rlurar\/headset med mikrofon. Du v\u00e4ljer ut en plats d\u00e4r du kan vara helt ost\u00f6rd, och du v\u00e4ljer sj\u00e4lv om du vill sitta ner (med nackst\u00f6d) eller om du vill ligga ner. Kameran skall du placera s\u00e5 att jag kan se ditt ansikte. En filt \u00e4r bra att ha i n\u00e4rheten, d\u00e5 man ibland tenderar att frysa n\u00e4r man g\u00e5r in i djup avslappning.<\/p>\n<p>Betalning sker direkt efter sessionen genom Swish till 123 6383 087 och du kommer att f\u00e5 kvitto p\u00e5 betalningen av mig till din e-post.<\/p>\n<p>Om du \u00e4r os\u00e4ker p\u00e5 om terapi online \u00e4r n\u00e5got f\u00f6r dig, \u00e4r du v\u00e4lkommen att boka ett introduktionssamtal p\u00e5 c: a 30 min, s\u00e5 ber\u00e4ttar jag mer om behandlingen och hur jag arbetar. Sj\u00e4lvklart kan vi h\u00e5lla introduktionen via Skype, Messenger eller Duo ocks\u00e5, om du f\u00f6redrar det.<\/p>\n<p>90 min \u00e4r standardl\u00e4ngd p\u00e5 en session, men du kan v\u00e4lja mellan tre olika l\u00e4ngder: 75 min, 90 min och 2 tim. Jag rekommenderar att du v\u00e4ljer 90 min eller 2 tim f\u00f6r den f\u00f6rsta g\u00e5ngen.<\/p>\n<p><strong>F\u00f6r aktuella priser, se prislistan i menyn. <\/strong>(Samma som Hypnoanalys.)<\/p>\n","protected":false},"excerpt":{"rendered":"<p>Avst\u00e5nd har aldrig varit hinder f\u00f6r att f\u00e5 en Reiki-behandling, d\u00e5 Reiki g\u00e5r att skicka p\u00e5 distans. Och nu \u00e4r avst\u00e5nd inte l\u00e4ngre ett hinder f\u00f6r att g\u00e5 i hypnoanalys, samtalsterapi, v\u00e4gledande samtal eller ens tidigare-liv-regressioner! F\u00f6r dig som inte har m\u00f6jlighet att komma till min praktik i Norrk\u00f6ping, erbjuder jag m\u00f6jligheten att ist\u00e4llet f\u00e5 &hellip; <a href=\"https:\/\/christine.melchert.se\/web\/terapi-online\/\" class=\"more-link\">Forts\u00e4tt l\u00e4sa <span class=\"screen-reader-text\">TERAPI ONLINE<\/span><\/a><\/p>\n","protected":false},"author":2,"featured_media":845,"parent":0,"menu_order":0,"comment_status":"closed","ping_status":"closed","template":"","meta":{"footnotes":""},"class_list":["post-444","page","type-page","status-publish","has-post-thumbnail","hentry"],"_links":{"self":[{"href":"https:\/\/christine.melchert.se\/web\/wp-json\/wp\/v2\/pages\/444","targetHints":{"allow":["GET"]}}],"collection":[{"href":"https:\/\/christine.melchert.se\/web\/wp-json\/wp\/v2\/pages"}],"about":[{"href":"https:\/\/christine.melchert.se\/web\/wp-json\/wp\/v2\/types\/page"}],"author":[{"embeddable":true,"href":"https:\/\/christine.melchert.se\/web\/wp-json\/wp\/v2\/users\/2"}],"replies":[{"embeddable":true,"href":"https:\/\/christine.melchert.se\/web\/wp-json\/wp\/v2\/comments?post=444"}],"version-history":[{"count":2,"href":"https:\/\/christine.melchert.se\/web\/wp-json\/wp\/v2\/pages\/444\/revisions"}],"predecessor-version":[{"id":732,"href":"https:\/\/christine.melchert.se\/web\/wp-json\/wp\/v2\/pages\/444\/revisions\/732"}],"wp:featuredmedia":[{"embeddable":true,"href":"https:\/\/christine.melchert.se\/web\/wp-json\/wp\/v2\/media\/845"}],"wp:attachment":[{"href":"https:\/\/christine.melchert.se\/web\/wp-json\/wp\/v2\/media?parent=444"}],"curies":[{"name":"wp","href":"https:\/\/api.w.org\/{rel}","templated":true}]}}